, 3, 5, 7, 601
What are the prime factors of 1253814?
2, 3, 101, 2069
List the prime factors of 24028534.
2, 31, 73, 5309
List the prime factors of 1454955.
3, 5, 96997
What are the prime factors of 9447864?
2, 3, 19, 20719
List the prime factors of 187273.
187273
List the prime factors of 344708.
2, 7, 13, 947
List the prime factors of 7660645.
5, 41, 37369
List the prime factors of 12399993.
3, 257, 1787
What are the prime factors of 811990?
2, 5, 81199
What are the prime factors of 6637555?
5, 19, 109, 641
What are the prime factors of 590402?
2, 295201
List the prime factors of 14344544.
2, 19, 23593
List the prime factors of 2105259.
3, 13, 23, 2347
What are the prime factors of 1241784?
2, 3, 5749
List the prime factors of 245977.
245977
What are the prime factors of 21248304?
2, 3, 7, 11, 5749
What are the prime factors of 128723?
7, 37, 71
What are the prime factors of 28602574?
2, 7, 11, 13, 157
List the prime factors of 1289747.
1289747
What are the prime factors of 1133035?
5, 41, 5527
What are the prime factors of 424795?
5, 7, 53, 229
What are the prime factors of 518644?
2, 7, 18523
What are the prime factors of 219355?
5, 19, 2309
What are the prime factors of 1207467?
3, 4969
What are the prime factors of 691095?
3, 5, 46073
What are the prime factors of 3613255?
5, 29, 24919
What are the prime factors of 580018?
2, 79, 3671
List the prime factors of 66204.
2, 3, 613
What are the prime factors of 976296?
2, 3, 19, 2141
What are the prime factors of 11909374?
2, 229, 26003
List the prime factors of 280705.
5, 31, 1811
List the prime factors of 5295769.
5295769
List the prime factors of 173432.
2, 7, 19, 163
List the prime factors of 287010.
2, 3, 5, 1063
List the prime factors of 3414059.
11, 17, 18257
What are the prime factors of 818214?
2, 3, 31, 53, 83
What are the prime factors of 2872056?
2, 3, 11, 23, 43
List the prime factors of 1936577.
23, 84199
What are the prime factors of 653769?
3, 17, 4273
List the prime factors of 216287.
31, 6977
List the prime factors of 717712.
2, 31, 1447
List the prime factors of 8746389.
3, 971821
What are the prime factors of 378921?
3, 126307
List the prime factors of 287677.
13, 22129
What are the prime factors of 613328?
2, 38333
List the prime factors of 30207138.
2, 3, 13, 53, 7307
List the prime factors of 1342467.
3, 7, 7103
List the prime factors of 565388.
2, 107, 1321
List the prime factors of 5569198.
2, 2784599
List the prime factors of 5706767.
11, 71, 7307
What are the prime factors of 9712175?
5, 11, 35317
List the prime factors of 79970.
2, 5, 11, 727
List the prime factors of 13147984.
2, 877, 937
What are the prime factors of 9353853?
3, 346439
List the prime factors of 296856.
2, 3, 7, 19, 31
List the prime factors of 1439191.
13, 149, 743
List the prime factors of 146292.
2, 3, 73, 167
What are the prime factors of 2314508?
2, 7, 131, 631
What are the prime factors of 2047997?
7, 307, 953
What are the prime factors of 1382603?
443, 3121
List the prime factors of 423149.
19, 22271
List the prime factors of 4330962.
2, 3, 139, 577
List the prime factors of 29822.
2, 13, 31, 37
List the prime factors of 183999.
3, 61333
What are the prime factors of 8097474?
2, 3, 7, 11, 17, 1031
What are the prime factors of 1016681?
1016681
List the prime factors of 441350.
2, 5, 7, 13, 97
List the prime factors of 266510.
2, 5, 29, 919
List the prime factors of 712826.
2, 41, 8693
List the prime factors of 5810365.
5, 11, 89, 1187
List the prime factors of 478020.
2, 3, 5, 31, 257
What are the prime factors of 89167?
13, 19
List the prime factors of 157519.
157519
What are the prime factors of 723506?
2, 7, 51679
What are the prime factors of 10366788?
2, 3, 863899
List the prime factors of 439110.
2, 3, 5, 7, 17, 41
List the prime factors of 6617256.
2, 3, 275719
What are the prime factors of 10380140?
2, 5, 281, 1847
List the prime factors of 594599.
107, 5557
What are the prime factors of 287850?
2, 3, 5, 19, 101
List the prime factors of 1026387.
3, 114043
What are the prime factors of 1656117?
3, 184013
What are the prime factors of 1927758?
2, 3, 7, 79, 83
What are the prime factors of 146657?
7, 41, 73
List the prime factors of 1100420.
2, 5, 55021
What are the prime factors of 111118?
2, 7, 7937
List the prime factors of 10189734.
2, 3, 1698289
What are the prime factors of 276216?
2, 3, 17, 677
List the prime factors of 2737830.
2, 3, 5, 263, 347
What are the prime factors of 3970998?
2, 3, 151, 487
What are the prime factors of 6556423?
223, 29401
What are the prime factors of 412542?
2, 3, 13, 41, 43
What are the prime factors of 3409236?
2, 3, 31567
What are the prime factors of 409210?
2, 5, 151, 271
List the prime factors of 10444554.
2, 3, 83, 6991
List the prime factors of 474931.
474931
What are the prime factors of 413907?
3, 13, 10613
What are the prime factors of 7722821?
659, 11719
List the prime factors of 13736256.
2, 3, 29, 2467
What are the prime factors of 861423?
3, 287141
List the prime factors of 1435093.
11, 283, 461
What are the prime factors of 468531?
3, 7, 37, 67
List the prime factors of 1241245.
5, 163, 1523
List the prime factors of 1753247.
79, 22193
List the prime factors of 696151.
193, 3607
List the prime factors of 2032920.
2, 3, 5, 5647
List the prime factors of 1171414.
2, 293, 1999
What are the prime factors of 18478946?
2, 41, 225353
List the prime factors of 1770732.
2, 3, 101, 487
What are the prime factors of 733514?
2, 19, 97, 199
List the prime factors of 136156.
2, 34039
What are the prime factors of 342460?
2, 5, 17123
List the prime factors of 392184.
2, 3, 13, 419
List the prime factors of 5867135.
5, 29, 43, 941
What are the prime factors of 803513?
803513
What are the prime factors of 458392?
2, 11, 5209
What are the prime factors of 398951?
7, 56993
What are the prime factors of 13660?
2, 5, 683
List the prime factors of 111307.
7, 15901
List the prime factors of 4420846.
2, 1427, 1549
List the prime factors of 8380252.
2, 17, 123239
List the prime factors of 2865.
3, 5, 191
List the prime factors of 1712075.
5, 68483
List the prime factors of 66724.
2, 7, 2383
List the prime factors of 12680.
2, 5, 317
What are the prime factors of 63413?
7, 9059
What are the prime factors of 363373?
363373
List the prime factors of 414042.
2, 3, 151, 457
List the prime factors of 22357427.
22357427
What are the prime factors of 120449?
7, 17207
List the prime factors of 145635.
3, 5, 7, 19, 73
What are the prime factors of 3457375?
5, 17, 1627
What are the prime factors of 2397934?
2, 7, 11, 23, 677
List the prime factors of 1389849.
3, 463283
What are the prime factors of 1222167?
3, 307, 1327
What are the prime factors of 8214177?
3, 2738059
List the prime factors of 326894.
2, 73, 2239
List the prime factors of 4987835.
5, 179, 5573
List the prime factors of 15315427.
41, 97, 3851
What are the prime factors of 10240303?
10240303
What are the prime factors of 5583002?
2, 2791501
What are the prime factors of 17048666?
2, 8524333
What are the prime factors of 213985?
5, 42797
What are the prime factors of 17013294?
2, 3, 17, 43, 431
What are the prime factors of 24959380?
2, 5, 1247969
What are the prime factors of 361051?
173, 2087
What are the prime factors of 1933924?
2, 483481
List the prime factors of 14490959.
7, 2070137
List the prime factors of 859329.
3, 103
What are the prime factors of 698867?
13, 53759
List the prime factors of 14681580.
2, 3, 5, 179, 1367
List the prime factors of 1059651.
3, 281, 419
What are the prime factors of 1985278?
2, 107, 9277
What are the prime factors of 576594?
2, 3, 103, 311
What are the prime factors of 2034147?
3, 29, 103, 227
What are the prime factors of 8598373?
7, 379, 463
What are the prime factors of 214419?
3, 71473
What are the prime factors of 7573149?
3, 280487
What are the prime factors of 170162?
2, 85081
What are the prime factors of 173097?
3, 2137
List the prime factors of 16120774.
2, 8060387
List the prime factors of 36955.
5, 19, 389
List the prime factors of 3683470.
2, 5, 7, 101, 521
List the prime factors of 1589894.
2, 53, 283
List the prime factors of 924640.
2, 5, 5779
List the prime factors of 8699194.
2, 7, 621371
What are the prime factors of 17181197?
11, 709, 2203
L